n factor of 25217 and 501?
167
What is the highest common factor of 458837 and 37?
37
Calculate the greatest common divisor of 231999 and 34.
17
What is the greatest common factor of 57 and 98743?
19
Calculate the highest common factor of 414 and 104121.
207
What is the greatest common factor of 92335 and 22849?
313
What is the highest common factor of 29509 and 23?
23
Calculate the highest common factor of 424 and 4552.
8
What is the greatest common factor of 14620 and 5504?
172
What is the highest common divisor of 1905425 and 383?
383
Calculate the greatest common factor of 72142 and 1008.
14
What is the highest common factor of 57 and 3153?
3
Calculate the highest common factor of 33955 and 305.
5
What is the highest common factor of 14 and 77399?
7
Calculate the greatest common divisor of 50 and 1689920.
10
Calculate the highest common factor of 98 and 2674.
14
What is the greatest common factor of 885 and 2535?
15
Calculate the highest common divisor of 14 and 171752.
14
Calculate the greatest common factor of 3267 and 15367.
121
Calculate the highest common divisor of 323 and 511224.
17
Calculate the highest common factor of 26 and 2914.
2
Calculate the highest common factor of 30044 and 464.
116
What is the highest common divisor of 3014 and 11782?
274
What is the greatest common divisor of 441544 and 582?
194
What is the highest common factor of 19400 and 3240?
40
Calculate the greatest common factor of 1211425 and 4465.
235
What is the greatest common divisor of 1529 and 10564?
139
What is the highest common factor of 31824 and 5850?
234
Calculate the greatest common divisor of 753680 and 40.
40
Calculate the greatest common divisor of 777952 and 115.
23
What is the highest common divisor of 910 and 1755?
65
What is the greatest common factor of 599004 and 126?
126
Calculate the greatest common divisor of 150 and 10610.
10
Calculate the greatest common divisor of 22728 and 48.
24
Calculate the greatest common divisor of 1407 and 1068717.
201
Calculate the greatest common factor of 173340 and 108.
108
What is the highest common factor of 210 and 332094?
42
What is the highest common divisor of 19470 and 154?
22
What is the greatest common factor of 504850 and 19550?
1150
Calculate the highest common factor of 882 and 362943.
441
Calculate the greatest common divisor of 47 and 29832.
1
What is the highest common divisor of 288 and 4064?
32
What is the greatest common factor of 47815 and 2920?
365
What is the highest common factor of 693 and 14652?
99
Calculate the highest common factor of 1648267 and 219.
73
Calculate the highest common factor of 396 and 460.
4
Calculate the greatest common divisor of 104 and 2248.
8
What is the greatest common divisor of 90264 and 576?
24
What is the greatest common factor of 2280 and 148770?
570
What is the greatest common divisor of 222 and 121841?
37
What is the greatest common factor of 14522704 and 1021?
1021
What is the highest common factor of 6 and 1902738?
6
What is the highest common divisor of 60 and 61340?
20
Calculate the greatest common factor of 266 and 417506.
38
Calculate the greatest common factor of 272 and 505784.
136
What is the greatest common factor of 193 and 430197?
193
What is the greatest common divisor of 1870 and 16280?
110
Calculate the greatest common factor of 2538 and 3.
3
What is the highest common divisor of 15912 and 975?
39
What is the highest common factor of 153 and 37383?
51
What is the highest common divisor of 1729 and 33839?
247
Calculate the highest common divisor of 4046745 and 15.
15
What is the greatest common divisor of 15453 and 5406?
51
Calculate the highest common divisor of 3293 and 1068.
89
What is the highest common factor of 142318 and 10?
2
Calculate the greatest common factor of 193739 and 1638.
91
What is the greatest common divisor of 37206 and 5406?
318
Calculate the highest common factor of 160 and 637030.
10
What is the greatest common divisor of 4620 and 11440?
220
What is the greatest common factor of 74600 and 800?
200
Calculate the highest common factor of 20 and 37690.
10
Calculate the greatest common divisor of 574 and 1066.
82
What is the greatest common divisor of 850200 and 1625?
325
Calculate the greatest common factor of 44733 and 328848.
1209
Calculate the highest common factor of 11 and 297891.
11
Calculate the greatest common divisor of 64 and 72800.
32
Calculate the highest common factor of 697 and 92783.
41
Calculate the highest common divisor of 14 and 132174.
14
Calculate the greatest common divisor of 130 and 90620.
10
Calculate the highest common factor of 99750 and 1197.
399
What is the highest common divisor of 831381 and 138?
69
What is the greatest common factor of 5795 and 117730?
305
What is the highest common divisor of 135 and 54?
27
Calculate the highest common divisor of 968 and 56.
8
What is the greatest common divisor of 10632 and 192?
24
What is the highest common factor of 408 and 47052?
12
Calculate the highest common factor of 147134 and 26.
26
Calculate the highest common divisor of 3390877 and 7.
7
Calculate the highest common factor of 60228 and 8064.
252
Calculate the highest common factor of 7774 and 1014.
338
Calculate the greatest common divisor of 9347 and 108569.
719
What is the highest common divisor of 14697 and 1938371?
1633
Calculate the highest common divisor of 260 and 23855.
65
What is the greatest common factor of 763 and 1234425?
109
What is the highest common divisor of 1350 and 599130?
270
What is the greatest common divisor of 998 and 10744468?
998
Calculate the highest common divisor of 14 and 45534.
2
Calculate the greatest common divisor of 12922 and 52.
26
What is the highest common factor of 572 and 16?
4
Calculate the highest common divisor of 441 and 16947.
63
Calculate the highest common factor of 1552 and 45978.
194
What is the greatest common divisor of 228 and 6612?
228
Calculate the highest common divisor of 408807 and 7107.
309
Calculate the highest common divisor of 741750 and 23.
23
Calculate the greatest common factor of 64 and 334.
2
Calculate the highest common divisor of 4081772 and 316.
316
What is the greatest common factor of 14986 and 1270?
254
What is the highest common divisor of 5250 and 34818?
42
Calculate the greatest common factor of 1755 and 111345.
195
What is the highest common factor of 90 and 9165?
15
What is the highest common factor of 134 and 525280?
134
What is the highest common divisor of 114816 and 92?
92
Calculate the greatest common factor of 205 and 106231.
41
Calculate the highest common divisor of 11886 and 1848.
42
What is the greatest common divisor of 6288 and 19388?
524
What is the highest common divisor of 53844 and 84?
84
What is the highest common divisor of 7007 and 25883?
143
Calculate the highest common factor of 1589382 and 648.
162
Calculate the highest common divisor of 1628367 and 117.
39
Calculate the greatest common divisor of 6363500 and 1144.
572
What is the highest common divisor of 299700 and 555?
555
What is the greatest common divisor of 132 and 10376?
4
Calculate the greatest common divisor of 62590 and 880.
110
What is the highest common divisor of 53546 and 246?
82
What is the highest common factor of 56763 and 19663?
371
Calculate the greatest common divisor of 277640 and 24.
8
What is the highest common factor of 42 and 330762?
6
Calculate the greatest common factor of 1828440 and 30.
30
Calculate the highest common factor of 80298 and 486.
54
Calculate the greatest common divisor of 2653 and 404393.
379
Calculate the greatest common factor of 72140 and 2140.
20
What is the greatest common factor of 45 and 24822?
9
Calculate the highest common divisor of 3416 and 224.
56
What is the greatest common factor of 250632 and 1278?
18
What is the greatest common divisor of 26 and 75439?
13
What is the highest common divisor of 1521 and 136071?
117
What is the highest common divisor of 59778 and 82?
82
Calculate the highest common divisor of 96 and 25566.
6
Calculate the greatest common divisor of 4 and 5200.
4
Calculate the highest common factor of 146536 and 520.
104
Calculate the highest common divisor of 10 and 255370.
10
Calculate the greatest common factor of 744 and 197966.
62
What is the highest common facto